2196*g + 1996140. Calculate s(-909).
-24
Let q(u) = 325*u - 1823. Calculate q(-9).
-4748
Let k(g) = g**2 + 344*g + 15344. Give k(-58).
-1244
Let x(r) = -10*r**3 - 6*r**2 - 2*r + 83. Give x(4).
-661
Let z(h) = h**3 - 21413*h**2 + 64251*h - 20. Calculate z(3).
43
Let j(k) = -261*k - 100476. Calculate j(-385).
9
Let o(x) = -161*x**3 + 92*x**2. Give o(2).
-920
Let j(l) = -245*l - 8776. What is j(-35)?
-201
Let g(d) = -2265*d - 20382. Determine g(-9).
3
Let j(u) = 2*u**3 + 370*u**2 - 24*u - 4468. What is j(-185)?
-28
Let a(q) = q**3 + 158*q**2 + 5341*q - 60. Give a(-109).
-60
Let i(t) = -522*t + 18198. What is i(35)?
-72
Let r(s) = s**2 - 29*s - 5642. What is r(-62)?
0
Let b(x) = -9641*x + 607387. What is b(63)?
4
Let w(t) = -t**3 - 73*t**2 - 375*t - 212. Calculate w(-5).
-37
Let i(x) = 2*x**3 - 114*x**2 - 365*x + 189. Determine i(60).
-111
Let r(y) = y**3 - 45*y**2 - 636*y - 104. Calculate r(56).
-1224
Let l(o) = 27082*o + 487476. Give l(-18).
0
Let m(u) = 172428*u - 7414400. Give m(43).
4
Let x(t) = -t**2 + 29*t + 16398. Give x(-112).
606
Let n(z) = 11*z**2 - 119*z + 385. Give n(5).
65
Let a(z) = 11*z**3 + 299*z**2 + 60*z + 177. Give a(-27).
15
Let c(h) = 8158*h - 358923. Determine c(44).
29
Let d(m) = -482223*m - 1928898. Give d(-4).
-6
Let s(u) = -5*u**2 + 94*u - 738. Determine s(11).
-309
Let v(q) = -39*q**2 - 317*q - 39. Give v(-8).
1
Let k(j) = 4*j**3 + 15*j**2 - 13*j + 45. Determine k(-13).
-6039
Let n(j) = 7*j**3 - 659*j**2 - 568*j - 162. Calculate n(95).
28
Let x(d) = 4*d**3 + 46*d**2 + 236*d + 629. Determine x(-6).
5
Let b(s) = s**2 + 328*s + 16086. Determine b(-60).
6
Let w(r) = -r**2 + 852*r - 181392. Calculate w(417).
3
Let z(j) = 1250*j - 23754. Calculate z(19).
-4
Let i(o) = o**2 + 4438*o - 48827. Determine i(11).
112
Let n(l) = -l**3 - 19*l**2 + 132*l - 177. What is n(4)?
-17
Let g(s) = 290*s + 1928. What is g(-10)?
-972
Let b(o) = -144*o**2 - 11948*o + 300. Give b(-83).
-32
Let o(h) = -h**2 - 13931*h - 83550. Give o(-6).
0
Let x(j) = -j**3 - 84*j**2 + 165*j + 20342. Determine x(-83).
-242
Let d(q) = -70*q**2 - q + 637. Calculate d(3).
4
Let c(g) = g**2 - 1847*g + 374694. Give c(232).
14
Let b(z) = -z**2 + 76*z + 1077. Calculate b(-15).
-288
Let x(u) = 7*u**2 - 144*u - 308. Determine x(25).
467
Let i(o) = -o**3 + 313*o**2 - 3319*o - 918. Calculate i(302).
-12
Let j(u) = 4648*u - 367171. Give j(79).
21
Let z(d) = -61097*d + 366585. Determine z(6).
3
Let b(r) = 35*r**2 - 1206*r + 1947. What is b(33)?
264
Let i(r) = -2*r**3 + 36*r**2 - 112*r + 220. Give i(14).
220
Let b(i) = -4*i**2 + 993*i - 32324. Calculate b(211).
-885
Let p(y) = 38726*y - 465070. What is p(12)?
-358
Let a(f) = 1737*f**3 - 6948*f**2 + 4*f - 13. Determine a(4).
3
Let y(j) = -343*j + 13852. What is y(37)?
1161
Let g(i) = 3444*i + 144410. Determine g(-42).
-238
Let r(o) = -16*o**3 + 478*o**2 + 12*o + 1296. What is r(30)?
-144
Let x(d) = 14*d**3 - 2*d**2 - 140*d - 377. Calculate x(-3).
-353
Let v(r) = 1027*r + 14339. Give v(-14).
-39
Let q(r) = -14111*r - 70481. Determine q(-5).
74
Let t(b) = b**3 - 160*b**2 - 288*b - 5895. What is t(162)?
-63
Let x(f) = -4074*f - 5292127. Calculate x(-1299).
-1
Let k(g) = 376817*g + 753623. Give k(-2).
-11
Let k(o) = -23458*o - 1266723. Determine k(-54).
9
Let u(a) = -8*a**3 - 43*a**2 + 2794*a + 14041. Determine u(-5).
-4
Let u(i) = -180*i**2 - 2189*i - 10885. Determine u(-5).
-4440
Let g(w) = 7*w**3 - 171*w**2 + 73*w + 35. Give g(24).
59
Let v(g) = 7749*g - 836927. Calculate v(108).
-35
Let p(l) = 2190*l + 32749. Give p(-15).
-101
Let q(j) = 142673*j - 34384200. Give q(241).
-7
Let k(z) = 12704*z + 63528. What is k(-5)?
8
Let p(y) = -y**2 - 176*y - 4561. Give p(-144).
47
Let r(i) = 4*i**2 - 310*i + 1383. Calculate r(5).
-67
Let b(k) = -k**3 + 4*k**2 + 299*k + 655. What is b(-14)?
-3
Let l(r) = 2*r**3 + 55*r**2 - 96*r - 3847. Determine l(-9).
14
Let p(l) = 450*l - 39596. Calculate p(88).
4
Let t(i) = 143*i + 16587. Calculate t(-115).
142
Let c(u) = u**3 - 34*u**2 - 1382*u + 265. Calculate c(-24).
25
Let v(p) = 482245*p + 1928958. What is v(-4)?
-22
Let r(k) = 6*k**2 + 221*k - 201. Determine r(-31).
-1286
Let h(d) = -17*d**2 + 2556*d - 17061. Determine h(7).
-2
Let k(s) = -s**2 - 376198*s + 3009648. What is k(8)?
0
Let t(a) = 235184*a + 2351835. Determine t(-10).
-5
Let f(l) = -l**2 - 66*l + 5625. What is f(49)?
-10
Let s(i) = 20*i**2 + 180*i - 1259. What is s(-13)?
-219
Let j(z) = 337*z - 25717. Give j(79).
906
Let u(y) = -2*y**2 - 172*y + 1152. Give u(7).
-150
Let t(m) = m**3 + 8*m**2 - 495*m - 3934. What is t(-8)?
26
Let i(v) = 2*v**2 - 1030*v - 39605. Determine i(-36).
67
Let q(h) = 3*h**2 + 406*h + 8266. What is q(-111)?
163
Let a(d) = 9*d**3 - 5*d**2 - 510*d + 1029. Calculate a(2).
61
Let t(z) = -70*z**2 + 6083*z + 583. What is t(87)?
-26
Let k(h) = -h**3 - 69*h**2 - 482*h - 824. Calculate k(-5).
-14
Let b(w) = 1496*w**2 + 1029*w - 2079. Determine b(2).
5963
Let g(p) = -53*p - 382. Give g(16).
-1230
Let b(n) = -n**3 + 30*n**2 + 17624*n + 23. Give b(0).
23
Let k(s) = 156*s**3 + 2960*s**2 - 104*s - 512. Determine k(-19).
20
Let w(c) = -2448*c - 22085. Give w(-9).
-53
Let k(r) = 1163*r - 216226. Calculate k(186).
92
Let m(t) = 60104*t - 9376217. Calculate m(156).
7
Let a(t) = 2*t**3 - 107*t**2 + 117*t - 3422. What is a(53)?
-30
Let l(n) = n**3 + 11*n**2 + 189*n + 820. What is l(-5)?
25
Let l(x) = -4*x**3 - 1351*x**2 + 337*x + 1319. Calculate l(-338).
1657
Let d(p) = 4*p**3 + 286*p**2 + 110*p - 2275. Calculate d(-71).
-3
Let q(t) = 1048*t**2 + 9376*t - 517. What is q(-9)?
-13
Let v(y) = 80*y + 1884. Determine v(17).
3244
Let y(c) = -139318*c - 1393159. Determine y(-10).
21
Let k(b) = 826*b - 40475. Determine k(49).
-1
Let g(p) = 4*p**2 + 259*p - 2377. Determine g(-50).
-5327
Let s(n) = -n**3 - 48*n**2 + 148*n - 3023. What is s(-52)?
97
Let a(h) = -h**2 + 12601*h - 2039661. Determine a(164).
7
Let f(j) = j**3 + 1074*j**2 + 3180*j - 95. Give f(-3).
4
Let g(c) = 5*c**2 + 694*c - 255814. What is g(-306)?
2
Let p(t) = 41401*t + 372911. What is p(-9)?
302
Let j(q) = 27*q - 16626. Calculate j(616).
6
Let h(b) = 52*b**2 - 176*b - 889. What is h(6)?
-73
Let t(a) = a**2 + 7380*a - 244548. Calculate t(33).
81
Let j(w) = -15068*w + 210946. Determine j(14).
-6
Let v(n) = 221*n**2 + 47*n + 49. Determine v(-1).
223
Let u(q) = 2*q**2 + 644*q - 1073. Determine u(-323).
-427
Let a(h) = h**2 - 393*h + 28028. What is a(300)?
128
Let j(p) = -66*p - 1668. Determine j(-6).
-1272
Let k(j) = -2*j**3 - 1502*j**2 + 6041*j + 13. Determine k(4).
17
Let m(y) = -28*y**2 + 166*y - 152. What is m(6)?
-164
Let p(d) = -805*d - 5311. Give p(-6).
-481
Let l(m) = 3*m**3 - 751*m**2 - 13620*m + 14. Determine l(-17).
-224
Let q(t) = -2*t**2 + 39*t + 2343. Calculate q(-26).
-23
Let n(r) = 8*r**2 + 531*r - 55707. Give n(-123).
12
Let q(s) = -3887*s + 299506. What is q(77)?
207
Let p(k) = k**3 - 78*k**2 - 443*k + 22638. Determine p(80).
-2
Let y(t) = -t**3 - 15*t**2 - 8*t - 790. Determine y(0).
-790
Let f(h) = -h**2 + 7248*h + 438450. Determine f(-60).
-30
Let p(a) = 6*a**3 + 83*a**2 + 148*a + 1109. Give p(-13).
30
Let g(y) = -11232*y + 112430. Give g(10).
110
Let h(u) = 13*u**2 - 784*u + 420. What is h(60)?
180
Let h(w) = 12*w**2 - 711*w - 4856. Determine h(-7).
709
Let n(w) = w**3 - 8*w**2 - 3591*w + 25207. Give n(7).
21
Let w(m) = -312*m**2 - 1100*m + 11. Determine w(-4).
-581
Let p(i) = -2*i**3 - 651*i**2 - 318*i + 2589. What is p(-325)?
314
Let h(s) = -3*s**3 + 78*s**2 - 619*s - 61. Give h(9).
-1501
Let h(a) = -78*a + 14576. Give h(288).
-7888
Let h(a) = 2*a**2 + 5732*a - 28683. What is h(5)?
27
Let x(c) = -910*c - 66147. Determine x(-73).
283
Let f(d) = 6*d**2 + 316*d + 3437. Determine f(-38).
93
Let d(k) = 3*k**3 - 59*k**2 + 127*k - 684. Give d(18).
-18
Let c(m) = -20611*m - 102634. Give c(-5).
421
Let k(q) = -q**3 - 141*q**2 + 682*q - 6888. Calculate k(-146).
120
Let c(n) = 130*n - 5045. Determine c(41).
285
Let t(a) = -a**3 + 48*a**2 + 101*a - 99. Determine t(-3).
57
Let d(v) = -2*v**3 - 18*v**2 + 3240*v + 26044. Give d(-8).
-4
Let d(l) = 5*l**3 - 58*l**2 + 47*l - 2. Calculate d(0).
-2
Let p(z) = -3*z**2 + 108*z + 9393. What is p(76)?
273
Let s(u) = -356423*u - 1782130. Give s(-5).
-15
Let c(f) = -1986*f + 15914. Give c(8).
26
Let f(m) = 10151*m - 213185. Give f(